{"id":249,"date":"2025-05-22T22:56:56","date_gmt":"2025-05-22T20:56:56","guid":{"rendered":"https:\/\/kreisverkehrswac-3ptxbths2x.live-website.com\/?page_id=249"},"modified":"2026-01-21T20:56:08","modified_gmt":"2026-01-21T19:56:08","slug":"satzung","status":"publish","type":"page","link":"https:\/\/kvw-barnim.de\/index.php\/satzung\/","title":{"rendered":"Satzung"},"content":{"rendered":"\t\t<div data-elementor-type=\"wp-page\" data-elementor-id=\"249\" class=\"elementor elementor-249\">\n\t\t\t\t<div class=\"elementor-element elementor-element-c00bee3 e-flex e-con-boxed e-con e-parent\" data-id=\"c00bee3\" data-element_type=\"container\" data-e-type=\"container\" data-settings=\"{&quot;background_background&quot;:&quot;classic&quot;}\">\n\t\t\t\t\t<div class=\"e-con-inner\">\n\t\t\t\t<div class=\"elementor-element elementor-element-e67b531 elementor-widget__width-initial elementor-widget elementor-widget-heading\" data-id=\"e67b531\" data-element_type=\"widget\" data-e-type=\"widget\" data-widget_type=\"heading.default\">\n\t\t\t\t<div class=\"elementor-widget-container\">\n\t\t\t\t\t<h2 class=\"elementor-heading-title elementor-size-default\">unsere Satzung<\/h2>\t\t\t\t<\/div>\n\t\t\t\t<\/div>\n\t\t\t\t\t<\/div>\n\t\t\t\t<\/div>\n\t\t<div class=\"elementor-element elementor-element-11f9174 e-flex e-con-boxed e-con e-parent\" data-id=\"11f9174\" data-element_type=\"container\" data-e-type=\"container\">\n\t\t\t\t\t<div class=\"e-con-inner\">\n\t\t\t\t<div class=\"elementor-element elementor-element-ef60de7 elementor-widget elementor-widget-spacer\" data-id=\"ef60de7\" data-element_type=\"widget\" data-e-type=\"widget\" data-widget_type=\"spacer.default\">\n\t\t\t\t<div class=\"elementor-widget-container\">\n\t\t\t\t\t\t\t<div class=\"elementor-spacer\">\n\t\t\t<div class=\"elementor-spacer-inner\"><\/div>\n\t\t<\/div>\n\t\t\t\t\t\t<\/div>\n\t\t\t\t<\/div>\n\t\t\t\t\t<\/div>\n\t\t\t\t<\/div>\n\t\t<div class=\"elementor-element elementor-element-cb7f308 e-flex e-con-boxed e-con e-parent\" data-id=\"cb7f308\" data-element_type=\"container\" data-e-type=\"container\">\n\t\t\t\t\t<div class=\"e-con-inner\">\n\t\t\t\t<div class=\"elementor-element elementor-element-e16172a elementor-widget elementor-widget-text-editor\" data-id=\"e16172a\" data-element_type=\"widget\" data-e-type=\"widget\" data-widget_type=\"text-editor.default\">\n\t\t\t\t<div class=\"elementor-widget-container\">\n\t\t\t\t\t\t\t\t\t<p style=\"text-align: center;\">in der Fassung vom 07.11.1991, zuletzt ge\u00e4ndert durch Beschluss der <br>Jahreshauptversammlung vom 25.04.2025.<\/p>\n<p style=\"text-align: left;\">\u00a71 Allgemeines<\/p><p style=\"text-align: left;\"><br><\/p>\n<p style=\"text-align: left;\">(1) Der Verein f\u00fchrt den Namen Kreisverkehrswacht Barnim e.V. mit dem Sitz<\/p>\n<p style=\"text-align: left;\">in Bernau.<\/p><p style=\"text-align: left;\"><br><\/p>\n<p style=\"text-align: left;\">(2) Gesch\u00e4ftsjahr ist das Kalenderjahr.<\/p><p style=\"text-align: left;\"><br><\/p>\n<p style=\"text-align: left;\">(3) Die Kreisverkehrswacht Barnim e.V., vormals Kreisverkehrswacht Bernau <br>e.V. wurde am 07. November 1991 gegr\u00fcndet und am 18.02.1992 unter der <br>Nummer 4188 in das Vereinsregister des Amtsgerichtes Frankfurt\/Oder <br>eingetragen.<\/p><p style=\"text-align: left;\"><br><\/p>\n<p style=\"text-align: left;\">\u00a72 Vereinszweck<\/p><p style=\"text-align: left;\"><br><\/p>\n<p style=\"text-align: left;\">(1) Zweck des Vereins ist es, in freiwilliger Mitarbeit aller Mitglieder und in <br>eigener Initiative seiner Gliederungen: <br>a) die Verkehrssicherheit zu f\u00f6rdern, <br>b) Verkehrserziehung und Verkehrsaufkl\u00e4rung zu f\u00f6rdern und zu <br>betreiben, <br>c) ihre Mitglieder und die Beh\u00f6rden in Fragen der Verkehrssicherheit und <br>zu verkehrsorganisatorischen Ma\u00dfnahmen zu beraten,<br>d) die berechtigten Interessen aller Verkehrsteilnehmer auf ausreichende <br>Sicherheit im \u00f6ffentlichen Verkehr zu vertreten,&nbsp;<\/p>\n<p style=\"text-align: left;\">e) Entwicklung, Bau und Betrieb eines Fahrsicherheitstrainingsplatzes.<\/p><p style=\"text-align: left;\"><br><\/p>\n<p style=\"text-align: left;\">(2) Um diesen Verkehrssicherheitsgedanken nach einheitlichen Grunds\u00e4tzen <br>und auch geschlossen im Gebiet der Kreisverkehrswacht Barnim e.V. <br>Geltung zu verschaffen, wird sie die f\u00fcr verbindlich erkl\u00e4rten Beschl\u00fcsse der <br>Deutschen Verkehrswacht Landesverkehrswacht Brandenburg e.V. <br>durchf\u00fchren, sofern sie sich auf den Zweck der Deutschen Verkehrswacht <br>e.V. gem. \u00a7 2 ihrer Satzung beziehen.<\/p><p style=\"text-align: left;\"><br><\/p>\n<p style=\"text-align: left;\">\u00a73 Mittelverwendung<\/p><p style=\"text-align: left;\"><br><\/p>\n<p style=\"text-align: left;\">(1) Der Verein ist selbstlos t\u00e4tig; er verfolgt nicht in erster Linie <br>eigenwirtschaftliche Zwecke.<\/p><p style=\"text-align: left;\"><br><\/p>\n<p style=\"text-align: left;\">(2) Der Verein verfolgt ausschlie\u00dflich und unmittelbar gemeinn\u00fctzige Zwecke <br>im Sinne der Abgabeordnung vom 16.03.1976.<\/p><p style=\"text-align: left;\"><br><\/p>\n<p style=\"text-align: left;\">(3) Die Mittel des Vereins d\u00fcrfen nur f\u00fcr satzungsgem\u00e4\u00dfe Zwecke verwendet <br>werden. Die Mitglieder erhalten keine Zuwendungen aus Mitteln des <br>Vereins.<\/p><p style=\"text-align: left;\"><br><\/p>\n<p style=\"text-align: left;\">(4) Niemand darf durch Verwaltungsaufgaben, die dem Zweck des Vereins <br>fremd sind, oder durch unverh\u00e4ltnism\u00e4\u00dfig hohe Verg\u00fctungen beg\u00fcnstigt <br>werden.<\/p><p style=\"text-align: left;\"><br><\/p>\n<p style=\"text-align: left;\">\u00a7 4 Ausgaben<\/p><p style=\"text-align: left;\"><br><\/p>\n<p style=\"text-align: left;\">(1) Ehrenamtspauschale&nbsp;<\/p>\n<p style=\"text-align: left;\">Die Amtsinhaber erhalten f\u00fcr ihre T\u00e4tigkeit keine Verg\u00fctung, k\u00f6nnen aber <br>auf Beschluss des Vorstandes im Rahmen des \u00a7 3 Nr. 26a EstG <br>(Ehrenamtspauschale) honoriert werden. Die n\u00e4heren Einzelheiten regeln <br>die Finanz- und Kassenordnung der Kreisverkehrswacht Barnim e.V. vom <br>22.04.2009.<\/p><p style=\"text-align: left;\"><br><\/p>\n<p style=\"text-align: left;\">(2) Aufwendungsersatz&nbsp;<\/p><p style=\"text-align: left;\">Jedes Vereinsmitglied hat einen Anspruch auf Ersatz seiner <br>nachgewiesenen Aufwendungen f\u00fcr eigene Auslagen, die im Rahmen der <br>T\u00e4tigkeiten f\u00fcr den Verein entstanden sind. Die n\u00e4heren Einzelheiten regeln <br>die Finanz- und Kassenordnung der Kreisverkehrswacht Barnim e.V. vom <br>22.04.2009.<\/p>\n<p style=\"text-align: left;\">\u00a75 Mitglieder<\/p><p style=\"text-align: left;\"><br><\/p>\n<p>(1) Ordentliche Mitglieder der Kreisverkehrswacht Barnim e.V. k\u00f6nnen <br>werden:<\/p>\n<p>a) nat\u00fcrliche Personen <br>b) juristische Personen, <br>c) Beh\u00f6rden und K\u00f6rperschaften des \u00f6ffentlichen Rechts, wie Verb\u00e4nde <br>und Vereine.<\/p><p><br><\/p>\n<p>(2) Die Mitglieder des Vorstandes m\u00fcssen pers\u00f6nlich ordentliche Mitglieder <br>sein.<\/p><p><br><\/p>\n<p>(3) Die Aufnahme des ordentlichen Mitglieds (Abs.1) vollzieht der Vorstand. <br>Sie ist dem neuen Mitglied schriftlich zu best\u00e4tigen.<\/p><p><br><\/p>\n<p>(4) Die Beendigung der Mitgliedschaft:<\/p>\n<p>a)Die Mitgliedschaft erlischt durch Austritt, Ausschluss oder Tod.<\/p>\n<p>b)Der Austritt ist nur zum Ende eines Gesch\u00e4ftsjahres zul\u00e4ssig und <br>muss bis sp\u00e4testens 30.09. des Jahres schriftlich erkl\u00e4rt werden.<\/p>\n<p>c)ein Mitglied kann ausgeschlossen werden:&nbsp;<br>-wenn es gr\u00f6blich gegen die Zwecke der Kreisverkehrswacht<\/p>\n<p>Barnim e.V. verst\u00f6\u00dft, <br>-wegen schwerwiegenden Fehlverhaltens im Stra\u00dfenverkehr <br>rechtskr\u00e4ftig verurteilt worden ist, <br>-sonst ein Verhalten zeigt, das geeignet ist, das Ansehen des <br>Vereins in der \u00d6ffentlichkeit zu sch\u00e4digen, <br>-mit der Zahlung von zwei Jahresbeitr\u00e4gen und mehr im <br>R\u00fcckstand ist. <br>\u00dcber den Ausschluss beschlie\u00dft der Vorstand. <br>Der Ausschluss ist dem Mitglied mittels eines eingeschriebenen Briefes mit<br>R\u00fcckschein bekannt zugeben. Gegen diese Entscheidung ist binnen einer <br>Frist von zwei Wochen die Beschwerde an die Mitgliederversammlung <br>zul\u00e4ssig. <br>Sie muss binnen dieser Frist bei der Gesch\u00e4ftsstelle eingegangen sein.<\/p><p><br><\/p>\n<p>(5) Die ordentlichen Mitglieder der Kreisverkehrswacht Barnim e.V. sind <br>gleichzeitig \u2013 allerdings ohne Beitragspflicht &#8211; ordentliche Mitglieder der <br>Landesverkehrswacht Brandenburg e.V. und der Deutschen <br>Verkehrswacht e.V. <br>Die Beendigung der Mitgliedschaft in der Kreisverkehrswacht Barnim e.V. <br>bewirkt gleichzeitig die Beendigung der Mitgliedschaft bei der <br>Landesverkehrswacht Brandenburg e.V. und der Deutschen <br>Verkehrswacht e.V.<\/p><p><br><\/p>\n<p>\u00a76 Ehrenmitglieder und f\u00f6rdernde Mitglieder<\/p><p><br><\/p>\n<p>(1) Zu Ehrenmitgliedern kann der Vorstand nat\u00fcrliche Personen ernennen,<\/p>\n<p>die sich um die F\u00f6rderung der Verkehrssicherheit oder um die <br>Entwicklung der Kreisverkehrswacht Barnim e.V. verdient gemacht <br>haben.<\/p><p><br><\/p>\n<p>(2) Ehrenmitglieder haben die Rechte und Pflichten der ordentlichen <br>Mitglieder, sind aber beitragsfrei.<\/p><p><br><\/p>\n<p>(3) Die Ehrenmitgliedschaft erlischt auf eigenem Wunsch oder durch Tod.<\/p><p><br><\/p>\n<p>(4) Als f\u00f6rdernde Mitglieder werden juristische Personen und Einzelpersonen <br>aufgenommen, die den Zweck des Vereins ideell und materiell <br>unterst\u00fctzen wollen. <br>Ein Stimmrecht haben sie nicht.<\/p><p><br><\/p>\n<p>\u00a77 Beitrag<\/p><p><br><\/p>\n<p>(1) Jedes ordentliche Mitglied hat einen Jahresbeitrag zu entrichten, dessen<\/p>\n<p>H\u00f6he jeweils in einer Mitgliederversammlung bestimmt wird.<\/p><p><br><\/p>\n<p>(2) Der Beitrag ist im Voraus bis sp\u00e4testens 31. M\u00e4rz des Jahres f\u00fcr das <br>laufende Gesch\u00e4ftsjahr zu entrichten.<\/p><p><br><\/p>\n<p>\u00a78 Organe<\/p><p><br><\/p>\n<p style=\"text-align: left;\">Organe des Vereins sind:&nbsp;<\/p>\n<p style=\"text-align: left;\">a) die Mitgliederversammlung <br>b) der Vorstand <br>c) der Gesch\u00e4ftsf\u00fchrer, sofern er <br>bestellt ist.<\/p><p style=\"text-align: left;\"><br><\/p>\n<p style=\"text-align: left;\">\u00a79 Mitgliederversammlung<\/p><p style=\"text-align: left;\"><br><\/p>\n<p style=\"text-align: left;\">(1) Die Mitgliederversammlung ist das oberste Organ des Vereins. Sie setzt <br>sich aus den Mitgliedern gem. \u00a7\u00a7 4 und 5 der Satzung zusammen.&nbsp;<\/p>\n<p style=\"text-align: left;\">Die Mitgliederversammlung wird vom Vorstand geleitet.<\/p><p style=\"text-align: left;\"><br><\/p>\n<p style=\"text-align: left;\">(2) Die Mitgliederversammlung ist mindestens einmal im Jahr durch den <br>Vorstand einzuberufen. Sie soll bis sp\u00e4testens zum 1.Juli des jeweiligen <br>Jahres stattfinden. Alle ordentlichen Mitglieder und Ehrenmitglieder des <br>Vereins sind unter Vorlage einer Tagesordnung mindestens 4 Wochen <br>vorher in Textform einzuladen. <br>Die Mitgliederversammlung ist auch einzuberufen, wenn mindestens ein <br>Drittel der Mitglieder die Einberufung schriftlich unter Angabe des Zwecks <br>und der Gr\u00fcnde vom Vorstand verlangt.<\/p><p style=\"text-align: left;\"><br><\/p>\n<p style=\"text-align: left;\">(3) Antr\u00e4ge f\u00fcr die Tagesordnung der Mitgliederversammlung k\u00f6nnen von <br>jedem Mitglied und Beiratsmitglied gem. \u00a7 10 der Satzung gestellt werden. <br>Sie m\u00fcssen eine Woche vor der Versammlung beim Vorstand schriftlich <br>eingegangen sein und m\u00fcssen der Tagesordnung zugesetzt werden.<\/p><p style=\"text-align: left;\"><br><\/p>\n<p style=\"text-align: left;\">(4) Die Mitgliederversammlung nimmt den T\u00e4tigkeits- und Kassenbericht <br>entgegen und beschlie\u00dft \u00fcber die Entlastung des Vorstandes. Sie w\u00e4hlt <br>den Vorstand f\u00fcr die Dauer von jeweils drei Jahren. Sie behandelt im <br>\u00dcbrigen die vom Vorstand aufgestellte Tagesordnung. Gleichzeitig werden <br>zwei Rechnungspr\u00fcfer f\u00fcr die Wahlperiode gew\u00e4hlt. \u00dcber das <br>Ergebnis ihrer Pr\u00fcfung ist j\u00e4hrlich in der Mitgliederversammlung zu <br>berichten. Der Rechnungspr\u00fcfer darf nicht Mitglied des Vorstandes sein.<\/p><p style=\"text-align: left;\"><br><\/p>\n<p style=\"text-align: left;\">(5) Satzungs\u00e4nderungen bed\u00fcrfen einer Mehrheit von zwei Dritteln der <br>abgegebenen Stimmen. Im \u00dcbrigen entscheidet die Mitgliederversammlung <br>mit einfacher Stimmenmehrheit.<\/p><p style=\"text-align: left;\"><br><\/p>\n<p style=\"text-align: left;\">(6) \u00dcber die Mitgliederversammlung ist ein Protokoll zu f\u00fchren, welches vom <br>Versammlungsleiter und einem weiteren Vorstandsmitglied zu <br>unterzeichnen ist.<\/p><p style=\"text-align: left;\"><br><\/p>\n<p style=\"text-align: left;\">\u00a710 Vorstand<\/p><p style=\"text-align: left;\"><br><\/p>\n<p style=\"text-align: left;\">(1) Der Verein wird gerichtlich und au\u00dfergerichtlich durch den Vorstand <br>vertreten. <br>Der Vorstand besteht aus dem Vorsitzenden, dem zweiten Vorsitzenden <br>und dem Schatzmeister und einem Schrift- und Protokollf\u00fchrer.&nbsp;<br>Die Mitgliederversammlung kann bis zu drei weiteren Vorstandsmitglieder <br>bestimmen. <br>Der Vorstand wird f\u00fcr die Dauer von 3 Jahren gew\u00e4hlt, bleibt jedoch so <br>lange im Amt, bis ein neuer Vorstand gew\u00e4hlt ist. <br>Der Vorsitzende, im Verhinderungsfall der zweite Vorsitzende, beruft und <br>leitet die Sitzung des Vorstandes. Er ist verpflichtet, den Vorstand <br>einzuberufen, wenn es das Vereinsinteresse erfordert oder wenn dies von <br>der Mehrheit der Vorstandsmitglieder verlangt wird.<\/p><p style=\"text-align: left;\"><br><\/p>\n<p style=\"text-align: left;\">(2) Je zwei Vorstandsmitglieder, n\u00e4mlich der Vorsitzende und ein weiteres <br>Vorstandsmitglied vertreten den Verein gemeinsam nach au\u00dfen.<\/p><p style=\"text-align: left;\"><br><\/p>\n<p style=\"text-align: left;\">(3) Der Vorstand leitet den Verein und beschlie\u00dft \u00fcber alle Angelegenheiten, <br>soweit sie nicht nach der Satzung in die Zust\u00e4ndigkeit der <br>Mitgliederversammlung fallen. Der Vorstand ist beschlussf\u00e4hig, wenn <br>mindestens drei Vorstandsmitglieder anwesend sind. Er entscheidet mit <br>einfacher Mehrheit. Im Falle der Stimmengleichheit gibt die Stimme des <br>Vorsitzenden den Ausschlag.<\/p><p style=\"text-align: left;\"><br><\/p>\n<p style=\"text-align: left;\">(4) Auf Antrag des Vorstandes kann die Mitgliederversammlung ehemalige <br>Vorsitzende zu Ehrenvorsitzenden w\u00e4hlen. Ehrenvorsitzende haben kein <br>Stimmrecht.<\/p><p style=\"text-align: left;\"><br><\/p>\n<p style=\"text-align: left;\">(5) Der Vorstand kann zur Wahrnehmung bestimmter Aufgaben Aussch\u00fcsse <br>einrichten, die bei der Erf\u00fcllung seiner Aufgaben unterst\u00fctzen und beraten.<\/p><p style=\"text-align: left;\"><br><\/p>\n<p>\u00a7 11 Beirat<\/p><p><br><\/p>\n<p>(1) Dem Vorstand wird ein Beirat zugeordnet. Seine Aufgabe ist es, den <br>Vorstand in der Verkehrswachtarbeit zu unterst\u00fctzen und zu beraten. Die <br>Beschl\u00fcsse des Beirates gelten f\u00fcr den Vorstand als Empfehlung.<\/p><p><br><\/p>\n<p style=\"text-align: left;\">(2) Der Beirat wird vom Vorstand berufen. Dabei ist auf eine m\u00f6glichst breite <br>Streuung aus allen Bereichen des \u00f6ffentlichen Lebens zu achten. Wurde <br>ein Gesch\u00e4ftsf\u00fchrer bestellt, so ist dieser Mitglied des Beirates.<\/p><p style=\"text-align: left;\"><br><\/p>\n<p style=\"text-align: left;\">(3) Die Amtszeit der berufenen Mitglieder betr\u00e4gt drei Jahre. Scheidet ein <br>Mitglied vorzeitig aus kann der Vorstand f\u00fcr den Rest der Amtszeit ein <br>neues Mitglied f\u00fcr den Beirat bestellen.<\/p><p style=\"text-align: left;\"><br><\/p>\n<p style=\"text-align: left;\">(4) Die Mitglieder des Beirates nehmen an den Mitgliederversammlungen und <br>auf Wunsch des Vorstandes an den Vorstandssitzungen teil.<\/p><p style=\"text-align: left;\"><br><\/p>\n<p style=\"text-align: left;\">\u00a7 12 Gesch\u00e4ftsf\u00fchrung<\/p><p style=\"text-align: left;\"><br><\/p>\n<p style=\"text-align: left;\">F\u00fcr die Verwaltung des Vereins kann vom Vorstand ein Gesch\u00e4ftsf\u00fchrer <br>bestellt werden. Seine Rechte und Pflichten sind durch konkrete <br>Aufgabenstellungen und Befugnisse festzulegen. Seine Abberufung wird <br>durch den Vorstand beschlossen. Die Mitgliederversammlung hat dieses <br>zu best\u00e4tigen.<\/p><p style=\"text-align: left;\"><br><\/p>\n<p style=\"text-align: left;\">\u00a713 Gemeinsame Bestimmungen f\u00fcr alle Organe<\/p><p style=\"text-align: left;\"><br><\/p>\n<p style=\"text-align: left;\">(1) Alle Organe beschlie\u00dfen die Gesch\u00e4ftsordnung f\u00fcr ihre T\u00e4tigkeit. <br>Sie sind berechtigt, f\u00fcr die L\u00f6sung bestimmter Aufgaben Arbeitskreise <br>einzusetzen. <br>Die Mitglieder der Arbeitskreise brauchen nicht Mitglieder der Organe zu <br>sein.<\/p><p style=\"text-align: left;\"><br><\/p>\n<p style=\"text-align: left;\">(2) Vorschulparlamente sind Arbeitskreise der Verkehrswachten. In ihnen <br>befassen sich die Eltern, sozialp\u00e4dagogische Fachkr\u00e4fte, Vertreter der <br>\u00d6ffentlichkeit und alle an Verkehrssicherheit interessierte B\u00fcrger mit <br>konkreten Problemen in der vorschulischen Verkehrserziehung.<\/p><p style=\"text-align: left;\"><br><\/p>\n<p>(3) Die Organe sind berechtigt, sachverst\u00e4ndige G\u00e4ste an ihren Beratungen <br>teilnehmen zu lassen. Die Entscheidung hier\u00fcber trifft der Vorstand. <br>Den G\u00e4sten steht kein Stimmrecht zu.<\/p><p><br><\/p>\n<p style=\"text-align: left;\">(4) Schriftliche Abstimmungen sind im Vorstand und in der&nbsp;<\/p>\n<p style=\"text-align: left;\">Mitgliederversammlung zul\u00e4ssig, sofern mindestens 50 % der Mitglieder der <br>Mitgliederversammlung dies verlangt.<\/p><p style=\"text-align: left;\"><br><\/p>\n<p style=\"text-align: left;\">\u00a7 14 Aufl\u00f6sung des Vereins<\/p><p style=\"text-align: left;\"><br><\/p>\n<p style=\"text-align: left;\">(1) Die Aufl\u00f6sung des Vereins kann nur in einer zu diesem Zweck besonders <br>einberufenen Mitgliederversammlung beschlossen werden. Der <br>Aufl\u00f6sungsbeschluss erfordert eine Dreiviertel-Mehrheit der in der <br>Mitgliederversammlung vertretenen Stimmen.<\/p><p style=\"text-align: left;\"><br><\/p>\n<p style=\"text-align: left;\">(2) Bei der Aufl\u00f6sung oder Aufhebung des Vereins oder bei Wegfall seines <br>bisherigen Zwecks f\u00e4llt sein Verm\u00f6gen an die Deutsche Verkehrswacht &#8211; <br>Landesverkehrswacht Brandenburg e.V. die es unmittelbar und <br>ausschlie\u00dflich f\u00fcr gemeinn\u00fctzige Zwecke im Sinne dieser Satzung zu <br>verwenden hat. Gehalts- und Versorgungsanspr\u00fcche aus Dienstvertr\u00e4gen <br>sind vorab zu befriedigen.<\/p><p style=\"text-align: left;\"><br><\/p>\n<p style=\"text-align: left;\">Beschlossen auf der Jahreshauptversammlung am 25.04.2025<\/p>\t\t\t\t\t\t\t\t<\/div>\n\t\t\t\t<\/div>\n\t\t\t\t\t<\/div>\n\t\t\t\t<\/div>\n\t\t\t\t<\/div>\n\t\t","protected":false},"excerpt":{"rendered":"<p>unsere Satzung in der Fassung vom 07.11.1991, zuletzt ge\u00e4ndert durch Beschluss der Jahreshauptversammlung vom 25.04.2025. \u00a71 Allgemeines (1) Der Verein f\u00fchrt den Namen Kreisverkehrswacht Barnim e.V. mit dem Sitz in Bernau. (2) Gesch\u00e4ftsjahr ist das Kalenderjahr. (3) Die Kreisverkehrswacht Barnim e.V., vormals Kreisverkehrswacht Bernau e.V. wurde am 07. November 1991 gegr\u00fcndet und am 18.02.1992 unter [&hellip;]<\/p>\n","protected":false},"author":1,"featured_media":0,"parent":0,"menu_order":0,"comment_status":"closed","ping_status":"closed","template":"","meta":{"footnotes":""},"class_list":["post-249","page","type-page","status-publish","hentry"],"_links":{"self":[{"href":"https:\/\/kvw-barnim.de\/index.php\/wp-json\/wp\/v2\/pages\/249","targetHints":{"allow":["GET"]}}],"collection":[{"href":"https:\/\/kvw-barnim.de\/index.php\/wp-json\/wp\/v2\/pages"}],"about":[{"href":"https:\/\/kvw-barnim.de\/index.php\/wp-json\/wp\/v2\/types\/page"}],"author":[{"embeddable":true,"href":"https:\/\/kvw-barnim.de\/index.php\/wp-json\/wp\/v2\/users\/1"}],"replies":[{"embeddable":true,"href":"https:\/\/kvw-barnim.de\/index.php\/wp-json\/wp\/v2\/comments?post=249"}],"version-history":[{"count":55,"href":"https:\/\/kvw-barnim.de\/index.php\/wp-json\/wp\/v2\/pages\/249\/revisions"}],"predecessor-version":[{"id":1043,"href":"https:\/\/kvw-barnim.de\/index.php\/wp-json\/wp\/v2\/pages\/249\/revisions\/1043"}],"wp:attachment":[{"href":"https:\/\/kvw-barnim.de\/index.php\/wp-json\/wp\/v2\/media?parent=249"}],"curies":[{"name":"wp","href":"https:\/\/api.w.org\/{rel}","templated":true}]}}