{"id":266,"date":"2025-05-23T22:03:56","date_gmt":"2025-05-23T20:03:56","guid":{"rendered":"https:\/\/kreisverkehrswac-3ptxbths2x.live-website.com\/?page_id=266"},"modified":"2025-06-25T22:19:08","modified_gmt":"2025-06-25T20:19:08","slug":"kis","status":"publish","type":"page","link":"https:\/\/kvw-barnim.de\/index.php\/kis\/","title":{"rendered":"KiS"},"content":{"rendered":"\t\t<div data-elementor-type=\"wp-page\" data-elementor-id=\"266\" class=\"elementor elementor-266\">\n\t\t\t\t<div class=\"elementor-element elementor-element-d995bcb e-flex e-con-boxed e-con e-parent\" data-id=\"d995bcb\" data-element_type=\"container\" data-e-type=\"container\" data-settings=\"{&quot;background_background&quot;:&quot;classic&quot;}\">\n\t\t\t\t\t<div class=\"e-con-inner\">\n\t\t\t\t<div class=\"elementor-element elementor-element-c5a6112 elementor-widget elementor-widget-heading\" data-id=\"c5a6112\" data-element_type=\"widget\" data-e-type=\"widget\" data-widget_type=\"heading.default\">\n\t\t\t\t<div class=\"elementor-widget-container\">\n\t\t\t\t\t<h2 class=\"elementor-heading-title elementor-size-default\">Kinder im Stra\u00dfenverkehr<\/h2>\t\t\t\t<\/div>\n\t\t\t\t<\/div>\n\t\t\t\t\t<\/div>\n\t\t\t\t<\/div>\n\t\t<div class=\"elementor-element elementor-element-cf0749e e-flex e-con-boxed e-con e-parent\" data-id=\"cf0749e\" data-element_type=\"container\" data-e-type=\"container\">\n\t\t\t\t\t<div class=\"e-con-inner\">\n\t\t\t\t<div class=\"elementor-element elementor-element-07e371b elementor-widget elementor-widget-spacer\" data-id=\"07e371b\" data-element_type=\"widget\" data-e-type=\"widget\" data-widget_type=\"spacer.default\">\n\t\t\t\t<div class=\"elementor-widget-container\">\n\t\t\t\t\t\t\t<div class=\"elementor-spacer\">\n\t\t\t<div class=\"elementor-spacer-inner\"><\/div>\n\t\t<\/div>\n\t\t\t\t\t\t<\/div>\n\t\t\t\t<\/div>\n\t\t\t\t\t<\/div>\n\t\t\t\t<\/div>\n\t\t<div class=\"elementor-element elementor-element-051433e e-flex e-con-boxed e-con e-parent\" data-id=\"051433e\" data-element_type=\"container\" data-e-type=\"container\">\n\t\t\t\t\t<div class=\"e-con-inner\">\n\t\t\t\t<div class=\"elementor-element elementor-element-0a602df elementor-widget elementor-widget-text-editor\" data-id=\"0a602df\" data-element_type=\"widget\" data-e-type=\"widget\" data-widget_type=\"text-editor.default\">\n\t\t\t\t<div class=\"elementor-widget-container\">\n\t\t\t\t\t\t\t\t\t<div class=\"wp-block-uagb-advanced-heading uagb-block-a62e467d\"><h2 class=\"uagb-heading-text\" style=\"text-align: center;\"><span style=\"color: #008000;\">Spielerische Verkehrssicherheitsarbeit in Kitas<\/span><\/h2><\/div><p>Mit dem Programm \u201eKinder im Stra\u00dfenverkehr\u201c bietet die Deutsche Verkehrswacht in Kitas eine qualifizierte und umfassende Unterst\u00fctzung bei der Verkehrssicherheitsarbeit. Ansatzpunkt ist die spielerische Verkehrssicherheitsarbeit, gemeinsam mit allen Beteiligten \u2013 also Kindern, Fachpersonal und Eltern.<\/p><p>Zu Beginn findet ein Beratungsgespr\u00e4ch zwischen Verkehrswacht und Kita statt. Neben praxisnahen Empfehlungen, die auch die Besonderheiten der jeweiligen Einrichtungen im Blick haben, erhalten die Erzieherinnen und Erzieher Anleitungen f\u00fcr Bewegungs- und Wahrnehmungs\u00fcbungen. Sie ber\u00fccksichtigen sowohl das motorische als auch das kognitive Lernpotenzial von Kindern und verkn\u00fcpfen es miteinander. Dadurch werden die kindliche Reaktionsf\u00e4higkeit geschult und die Bewegungssicherheit ausgebaut. Beide sind wichtige Grundlage f\u00fcr die sichere Verkehrsteilnahme.<\/p>\t\t\t\t\t\t\t\t<\/div>\n\t\t\t\t<\/div>\n\t\t\t\t\t<\/div>\n\t\t\t\t<\/div>\n\t\t<div class=\"elementor-element elementor-element-6c4cdab e-flex e-con-boxed e-con e-parent\" data-id=\"6c4cdab\" data-element_type=\"container\" data-e-type=\"container\">\n\t\t\t\t\t<div class=\"e-con-inner\">\n\t\t\t\t<div class=\"elementor-element elementor-element-71fbc2b elementor-widget elementor-widget-text-editor\" data-id=\"71fbc2b\" data-element_type=\"widget\" data-e-type=\"widget\" data-widget_type=\"text-editor.default\">\n\t\t\t\t<div class=\"elementor-widget-container\">\n\t\t\t\t\t\t\t\t\t<div class=\"wp-block-uagb-advanced-heading uagb-block-60399a85\"><h2>\u00a0<\/h2><h2 class=\"uagb-heading-text\" style=\"text-align: center;\"><span style=\"color: #008000;\">Langfristige Zusammenarbeit<\/span><\/h2><\/div><p>Bei \u201eKinder im Stra\u00dfenverkehr\u201c arbeiten Kita und Verkehrswacht eng zusammen. Diese Zusammenarbeit ist ein wichtiger Baustein f\u00fcr die langfristige Verankerung der Verkehrssicherheitsarbeit in der p\u00e4dagogischen Arbeit mit den Kindern.<\/p><p>Ein weiterer H\u00f6hepunkt ist der Verkehrssicherheitstag, den die Verkehrswacht in der Einrichtung durchf\u00fchrt. Mitmachen k\u00f6nnen neben den Kindern und dem Fachpersonal auch Eltern, Geschwister, Verwandte und Freunde. Bei dem Verkehrssicherheitstag steht die Verkehrswacht den Besucherinnen und Besuchern Rede und Antwort zu allen Fragen rund um die Verkehrssicherheit von Kindern. Au\u00dferdem kommen spannende Aktionselemente zum Einsatz, wie ein Bewegungsparcours, ein Kindergurtschlitten oder ein Verkehrsschilderwald. \u00a0<\/p>\t\t\t\t\t\t\t\t<\/div>\n\t\t\t\t<\/div>\n\t\t\t\t\t<\/div>\n\t\t\t\t<\/div>\n\t\t<div class=\"elementor-element elementor-element-4478a56 e-flex e-con-boxed e-con e-parent\" data-id=\"4478a56\" data-element_type=\"container\" data-e-type=\"container\">\n\t\t\t\t\t<div class=\"e-con-inner\">\n\t\t\t\t<div class=\"elementor-element elementor-element-549cf37 elementor-widget elementor-widget-text-editor\" data-id=\"549cf37\" data-element_type=\"widget\" data-e-type=\"widget\" data-widget_type=\"text-editor.default\">\n\t\t\t\t<div class=\"elementor-widget-container\">\n\t\t\t\t\t\t\t\t\t<div class=\"wp-block-uagb-advanced-heading uagb-block-5541e7dc\"><h2>\u00a0<\/h2><h2 class=\"uagb-heading-text\" style=\"text-align: center;\"><span style=\"color: #008000;\">Haben Sie Interesse?<\/span><\/h2><\/div><p>M\u00f6chten Sie, dass eine Moderatorin oder ein Moderator der Deutschen Verkehrswacht auch in Ihrer Einrichtung das Programm \u201eKinder im Stra\u00dfenverkehr\u201c vorstellt? Dann setzen Sie sich gern mit uns in Verbindung.<\/p><p style=\"text-align: center;\">Email: hp-krueger@kvw-barnim.de<\/p>\t\t\t\t\t\t\t\t<\/div>\n\t\t\t\t<\/div>\n\t\t\t\t\t<\/div>\n\t\t\t\t<\/div>\n\t\t\t\t<\/div>\n\t\t","protected":false},"excerpt":{"rendered":"<p>Kinder im Stra\u00dfenverkehr Spielerische Verkehrssicherheitsarbeit in Kitas Mit dem Programm \u201eKinder im Stra\u00dfenverkehr\u201c bietet die Deutsche Verkehrswacht in Kitas eine qualifizierte und umfassende Unterst\u00fctzung bei der Verkehrssicherheitsarbeit. Ansatzpunkt ist die spielerische Verkehrssicherheitsarbeit, gemeinsam mit allen Beteiligten \u2013 also Kindern, Fachpersonal und Eltern. Zu Beginn findet ein Beratungsgespr\u00e4ch zwischen Verkehrswacht und Kita statt. Neben praxisnahen Empfehlungen, [&hellip;]<\/p>\n","protected":false},"author":1,"featured_media":0,"parent":0,"menu_order":0,"comment_status":"closed","ping_status":"closed","template":"","meta":{"footnotes":""},"class_list":["post-266","page","type-page","status-publish","hentry"],"_links":{"self":[{"href":"https:\/\/kvw-barnim.de\/index.php\/wp-json\/wp\/v2\/pages\/266","targetHints":{"allow":["GET"]}}],"collection":[{"href":"https:\/\/kvw-barnim.de\/index.php\/wp-json\/wp\/v2\/pages"}],"about":[{"href":"https:\/\/kvw-barnim.de\/index.php\/wp-json\/wp\/v2\/types\/page"}],"author":[{"embeddable":true,"href":"https:\/\/kvw-barnim.de\/index.php\/wp-json\/wp\/v2\/users\/1"}],"replies":[{"embeddable":true,"href":"https:\/\/kvw-barnim.de\/index.php\/wp-json\/wp\/v2\/comments?post=266"}],"version-history":[{"count":13,"href":"https:\/\/kvw-barnim.de\/index.php\/wp-json\/wp\/v2\/pages\/266\/revisions"}],"predecessor-version":[{"id":506,"href":"https:\/\/kvw-barnim.de\/index.php\/wp-json\/wp\/v2\/pages\/266\/revisions\/506"}],"wp:attachment":[{"href":"https:\/\/kvw-barnim.de\/index.php\/wp-json\/wp\/v2\/media?parent=266"}],"curies":[{"name":"wp","href":"https:\/\/api.w.org\/{rel}","templated":true}]}}